site number?
False
Is 655579 prime?
True
Is 145861 composite?
False
Is 7367 a prime number?
False
Is 368633 prime?
True
Is 166657 a composite number?
False
Is 401113 a prime number?
True
Is 981809 composite?
False
Is 423322 a prime number?
False
Is 912961 composite?
True
Is 7729 a composite number?
True
Is 31111 composite?
True
Is 5637 a composite number?
True
Is 338095 a composite number?
True
Is 21703 prime?
False
Is 47935 composite?
True
Is 3694 prime?
False
Is 13613 prime?
True
Is 6227 prime?
False
Is 21327 prime?
False
Is 16333 composite?
False
Is 10687 prime?
True
Is 76091 prime?
True
Is 2749 a composite number?
False
Is 7013465 composite?
True
Is 21089 a composite number?
False
Is 12443 a composite number?
True
Is 191413 prime?
True
Is 82343 a composite number?
True
Is 9017 prime?
False
Is 353867 a composite number?
False
Is 852427 a prime number?
True
Is 214 composite?
True
Is 2137 prime?
True
Is 4391 composite?
False
Is 443771 a prime number?
True
Is 33665 prime?
False
Is 1277 composite?
False
Is 1422385 composite?
True
Is 2296045 a prime number?
False
Is 1659629 composite?
False
Is 136943 a prime number?
True
Is 1345079 prime?
True
Is 552991 prime?
True
Is 112345 a prime number?
False
Is 4547 composite?
False
Is 161201 a composite number?
False
Is 30337 prime?
False
Is 5623 composite?
False
Is 224357 a prime number?
False
Is 126771 a composite number?
True
Is 240041 a prime number?
True
Is 211301 a prime number?
False
Is 3293 a composite number?
True
Is 2244653 prime?
True
Is 320506 a prime number?
False
Is 22094 a prime number?
False
Is 103141 a prime number?
True
Is 260569 a composite number?
False
Is 74071 a prime number?
True
Is 64265 a prime number?
False
Is 426823 prime?
False
Is 84499 composite?
False
Is 6563 composite?
False
Is 1147291 composite?
True
Is 267097 a composite number?
False
Is 3085 a prime number?
False
Is 38273 a prime number?
True
Is 36583 prime?
True
Is 28459 composite?
True
Is 449 a prime number?
True
Is 31847 a prime number?
True
Is 31281 a prime number?
False
Is 647219 a prime number?
True
Is 986221 a composite number?
True
Is 300253 prime?
False
Is 38515 composite?
True
Is 3637837 a composite number?
True
Is 79181 prime?
True
Is 505405 a prime number?
False
Is 951 composite?
True
Is 437 a composite number?
True
Is 663763 prime?
True
Is 25891 a prime number?
False
Is 57403 a prime number?
False
Is 64173 a composite number?
True
Is 449 a composite number?
False
Is 3326 a composite number?
True
Is 12763 prime?
True
Is 929 a prime number?
True
Is 918089 a composite number?
False
Is 14299 composite?
True
Is 88357 a prime number?
False
Is 6960117 prime?
False
Is 1690967 a prime number?
True
Is 811919 composite?
False
Is 21739 composite?
False
Is 5951087 composite?
True
Is 13339 prime?
True
Is 616579 a prime number?
True
Is 340139 a composite number?
True
Is 10781 a composite number?
False
Is 1405403 a composite number?
False
Is 1535069 a prime number?
True
Is 4341 a prime number?
False
Is 43937 a composite number?
True
Is 217547 a prime number?
False
Is 1441 composite?
True
Is 10831 composite?
False
Is 19291 composite?
True
Is 27611 prime?
True
Is 289207 a composite number?
True
Is 462543 a prime number?
False
Is 707 composite?
True
Is 33709 a prime number?
False
Is 2794639 a composite number?
False
Is 7789 a composite number?
False
Is 892321 prime?
True
Is 974257 composite?
True
Is 160877 a composite number?
False
Is 1160689 a prime number?
True
Is 18869 a composite number?
False
Is 104281 prime?
True
Is 3043 prime?
False
Is 6839 composite?
True
Is 499337 prime?
False
Is 498197 composite?
True
Is 10307 prime?
False
Is 16201 composite?
True
Is 58777 composite?
True
Is 3989 prime?
True
Is 9733 a prime number?
True
Is 39003 a prime number?
False
Is 13577 composite?
False
Is 9923 a prime number?
True
Is 92023 prime?
False
Is 1375921 a prime number?
True
Is 4672339 a composite number?
True
Is 1179499 prime?
True
Is 37 a prime number?
True
Is 58309 a composite number?
False
Is 9239 prime?
True
Is 240571 prime?
True
Is 10555 a composite number?
True
Is 1056007 a prime number?
True
Is 15509 a composite number?
True
Is 890687 composite?
True
Is 314693 composite?
False
Is 2819 composite?
False
Is 4197 a composite number?
True
Is 40841 composite?
False
Is 52489 a composite number?
False
Is 10529 prime?
True
Is 262781 prime?
True
Is 57367 a prime number?
True
Is 9229 a prime number?
False
Is 1789835 prime?
False
Is 311603 prime?
True
Is 16759 prime?
True
Is 70949 composite?
False
Is 2053 composite?
False
Is 430921 composite?
False
Is 4201 a composite number?
False
Is 262473 a prime number?
False
Is 280499 a composite number?
False
Is 65167 prime?
True
Is 50469 a composite number?
True
Is 13645 a composite number?
True
Is 210383 composite?
True
Is 49301 a prime number?
False
Is 23137 a composite number?
True
Is 40661 a composite number?
True
Is 1839 a prime number?
False
Is 4201 prime?
True
Is 47563 a prime number?
True
Is 8983 prime?
False
Is 2933 prime?
False
Is 3593 prime?
True
Is 437573 a composite number?
True
Is 42962 a prime number?
False
Is 56591 a composite number?
False
Is 279077 prime?
False
Is 531427 a composite number?
True
Is 14959 prime?
False
Is 95479 composite?
False
Is 3349723 a composite number?
True
Is 66214 composite?
True
Is 67331 prime?
False
Is 2893 prime?
False
Is 6163 composite?
False
Is 45679 a composite number?
True
Is 7121 a composite number?
False
Is 7033 prime?
False
Is 1501 a prime number?
False
Is 195609 a prime number?
False
Is 4111 a prime number?
True
Is 797 prime?
True
Is 7861 a prime number?
False
Is 6607 a prime number?
True
Is 1189 a composite number?
True
Is 49079 prime?
False
Is 30997 prime?
False
Is 110221 a prime number?
True
Is 3959 prime?
False
Is 232003 composite?
False
Is 14738 a composite number?
True
Is 2579 composite?
False
Is 163433 composite?
False
Is 60563 a prime number?
False
Is 478 a prime number?
False
Is 40301 composite?
True
Is 169417 a composite number?
True
Is 94011 a composite number?
True
Is 237487 a composite number?
False
Is 24439 composite?
False
Is 6997 a prime number?
True
Is 1109 prime?
True
Is 9649 prime?
True
Is 28813 prime?
True
Is 3611401 composite?
False
Is 27311 a prime number?
False
Is 15899 prime?
False
Is 9067 a composite number?
False
Is 18773 composite?
False
Is 35569 a composite number?
False
Is 1043 prime?
False
Is 91 a composite number?
True
Is 238573 composite?
False
Is 1205819 composite?
False
Is 46058 prime?
False
Is 3037 a composite number?
False
Is 172381 prime?
False
Is 5261 prime?
True
Is 2153 prime?
True
Is 4247 a prime number?
False
Is 126717 composite?
True
Is 20609 a prime number?
False
Is 37531 a composite number?
True
Is 583 a composite number?
True
Is 208085 composite?
True
Is 186614 a composite number?
True
Is 25399 a prime number?
False
Is 177 a composite number?
True
Is 452173 prime?
False
Is 858563 a prime number?
True
Is 23269 prime?
True
Is 11311 prime?
True
Is 38039 composite?
False
Is 7022 a prime number?
False
Is 1347 composite?
True
Is 170699 composite?
True
Is 67111 a composite number?
True
Is 896242 a prime number?
False
Is 5361 prime?
False
Is 422 composite?
True
Is 401651 prime?
True
Is 965369 a prime number?
True
Is 10411 prime?
False
Is 90059 composite?
False
Is 75821 a composite number?
False
Is 134413 a prime number?
False
Is 234067 composite?
False
Is 9533 composite?
False
Is 37949 a composite number?
True
Is 384469 composite?
False
Is 105109 composite?
True
Is 16649 a composite number?
False
Is 301123 a prime number?
True
Is 334603 prime?
True
Is 43373 composite?
True
Is 13894 prime?
False
Is 23017 composite?
False
Is 4783 a prime number?
True
Is 1681985 a composite number?
True
Is 23741 a composite number?
False
Is 825563 a prime number?
False
Is 5039 prime?
True
Is 13073 composite?
True
Is 22373 prime?
False
Is 17513 composite?
True
Is 16729 composite?
False
Is 15761 a composite number?
False
Is 2833 a prime number?
True
Is 19837 composite?
True
Is 5519 composite?
False
Is 14441 composite?
True
Is 353645 a prime number?
False
Is 2416087 composite?
True
Is 133007 composite?
True
Is 4717 a prime number?
False
Is 1043 composite?
True
Is 267209 prime?
False
Is 1754027 composite?
True
Is 313779 a composite